 hundred millions digit of 107670942?
1
What is the thousands digit of 26947572?
7
What is the thousands digit of 527379520?
9
What is the hundred thousands digit of 553865858?
8
What is the thousands digit of 383797771?
7
What is the thousands digit of 41987259?
7
What is the thousands digit of 87577370?
7
What is the hundreds digit of 48379799?
7
What is the hundred millions digit of 3284006788?
2
What is the hundred thousands digit of 170628917?
6
What is the tens digit of 200044219?
1
What is the tens digit of 39693296?
9
What is the ten thousands digit of 1166179421?
7
What is the hundreds digit of 1506893132?
1
What is the millions digit of 242889386?
2
What is the ten thousands digit of 209603936?
0
What is the units digit of 234128960?
0
What is the hundreds digit of 3238748?
7
What is the hundreds digit of 161956220?
2
What is the hundred millions digit of 399991880?
3
What is the millions digit of 516933638?
6
What is the millions digit of 14324169?
4
What is the ten thousands digit of 48160561?
6
What is the hundred thousands digit of 123153689?
1
What is the thousands digit of 3385233136?
3
What is the units digit of 52088831?
1
What is the units digit of 1795281?
1
What is the tens digit of 69961379?
7
What is the ten thousands digit of 1865988881?
8
What is the tens digit of 156559796?
9
What is the units digit of 1282981983?
3
What is the tens digit of 1238888?
8
What is the units digit of 33662509?
9
What is the ten thousands digit of 1545768932?
6
What is the ten millions digit of 5366507654?
6
What is the billions digit of 7163561713?
7
What is the ten thousands digit of 936439229?
3
What is the ten millions digit of 26039863?
2
What is the millions digit of 142874018?
2
What is the ten thousands digit of 18929417?
2
What is the millions digit of 267815755?
7
What is the millions digit of 3670405?
3
What is the units digit of 3234464136?
6
What is the tens digit of 4142893083?
8
What is the hundreds digit of 3321733?
7
What is the billions digit of 1921658797?
1
What is the millions digit of 18393436?
8
What is the millions digit of 2903177741?
3
What is the hundred thousands digit of 153994031?
9
What is the tens digit of 20475597?
9
What is the thousands digit of 50594159?
4
What is the tens digit of 186058900?
0
What is the hundred millions digit of 154648707?
1
What is the hundred thousands digit of 182379304?
3
What is the ten thousands digit of 108126995?
2
What is the ten millions digit of 1465566744?
6
What is the tens digit of 7398018?
1
What is the ten thousands digit of 225515772?
1
What is the ten thousands digit of 152933286?
3
What is the units digit of 107403715?
5
What is the hundred thousands digit of 6177294?
1
What is the hundred millions digit of 1681530498?
6
What is the hundred thousands digit of 137714684?
7
What is the units digit of 87187223?
3
What is the thousands digit of 103660058?
0
What is the hundred millions digit of 3366802396?
3
What is the hundred millions digit of 302936594?
3
What is the hundreds digit of 3713266?
2
What is the hundred thousands digit of 104782641?
7
What is the hundred millions digit of 135929562?
1
What is the thousands digit of 5744341867?
1
What is the hundreds digit of 50407914?
9
What is the units digit of 79083495?
5
What is the ten thousands digit of 263854377?
5
What is the hundred millions digit of 501813509?
5
What is the hundreds digit of 149376591?
5
What is the units digit of 19461887?
7
What is the ten thousands digit of 257803315?
0
What is the hundreds digit of 165104640?
6
What is the units digit of 430801045?
5
What is the ten millions digit of 1826933248?
2
What is the tens digit of 61246452?
5
What is the tens digit of 53565579?
7
What is the ten thousands digit of 21172952?
7
What is the hundreds digit of 4107050931?
9
What is the ten thousands digit of 783230777?
3
What is the hundred millions digit of 568805790?
5
What is the tens digit of 182000453?
5
What is the hundred millions digit of 124053672?
1
What is the ten thousands digit of 15708292?
0
What is the units digit of 763452868?
8
What is the units digit of 639708309?
9
What is the hundred thousands digit of 526662923?
6
What is the hundred millions digit of 786596786?
7
What is the ten thousands digit of 8008022?
0
What is the hundred millions digit of 233048446?
2
What is the thousands digit of 143161529?
1
What is the ten thousands digit of 36771282?
7
What is the thousands digit of 48279777?
9
What is the ten millions digit of 18336724?
1
What is the hundred millions digit of 593429698?
5
What is the ten thousands digit of 22127644?
2
What is the tens digit of 31375891?
9
What is the millions digit of 18981811?
8
What is the ten thousands digit of 51094524?
9
What is the ten millions digit of 601851267?
0
What is the thousands digit of 6914188?
4
What is the tens digit of 89772604?
0
What is the hundred millions digit of 111859516?
1
What is the hundred millions digit of 588420153?
5
What is the millions digit of 435506234?
5
What is the hundred thousands digit of 4274034?
2
What is the ten thousands digit of 5231138491?
3
What is the tens digit of 545690215?
1
What is the hundreds digit of 57595745?
7
What is the millions digit of 934449801?
4
What is the hundred millions digit of 252181272?
2
What is the billions digit of 1277725507?
1
What is the tens digit of 68450162?
6
What is the hundreds digit of 2598953350?
3
What is the ten millions digit of 2788199181?
8
What is the tens digit of 5216303?
0
What is the tens digit of 1381209?
0
What is the thousands digit of 206531539?
1
What is the millions digit of 353119323?
3
What is the units digit of 3098632692?
2
What is the units digit of 110999969?
9
What is the ten millions digit of 6160932922?
6
What is the units digit of 2082436145?
5
What is the ten thousands digit of 24215312?
1
What is the hundred thousands digit of 1387885359?
8
What is the units digit of 712161253?
3
What is the hundreds digit of 425784059?
0
What is the thousands digit of 1155327467?
7
What is the hundred millions digit of 156606014?
1
What is the tens digit of 6150811715?
1
What is the ten thousands digit of 1515420883?
2
What is the thousands digit of 816718274?
8
What is the tens digit of 3267097245?
4
What is the thousands digit of 11630500?
0
What is the thousands digit of 204187054?
7
What is the ten thousands digit of 930503695?
0
What is the ten thousands digit of 96199964?
9
What is the units digit of 74011138?
8
What is the units digit of 1057265310?
0
What is the hundred millions digit of 145527109?
1
What is the units digit of 1473788941?
1
What is the tens digit of 1860815124?
2
What is the ten thousands digit of 512911839?
1
What is the thousands digit of 117268708?
8
What is the hundred thousands digit of 243075319?
0
What is the ten thousands digit of 476038039?
3
What is the hundreds digit of 4467177329?
3
What is the hundreds digit of 483012862?
8
What is the millions digit of 106859166?
6
What is the millions digit of 1624480721?
4
What is the thousands digit of 3924270140?
0
What is the ten thousands digit of 8761528?
6
What is the units digit of 83865073?
3
What is the thousands digit of 664770074?
0
What is the hundred thousands digit of 11599105?
5
What is the ten millions digit of 50569129?
5
What is the tens digit of 116580590?
9
What is the hundreds digit of 5845348249?
2
What is the millions digit of 38512976?
8
What is the billions digit of 1268062069?
1
What is the millions digit of 382603201?
2
What is the ten millions digit of 123388094?
2
What is the millions digit of 891332009?
1
What is the units digit of 243081500?
0
What is the hundred millions digit of 438696245?
4
What is the hundred thousands digit of 1032300007?
3
What is the thousands digit of 55387128?
7
What is the ten millions digit of 118887380?
1
What is the billions digit of 1758416205?
1
What is the hundred thousands digit of 51044824?
0
What is the hundred millions digit of 357567940?
3
What is the hundred thousands digit of 267871873?
8
What is the millions digit of 2229788334?
9
What is the ten millions digit of 104033403?
0
What is the thousands digit of 199308888?
8
What is the hundred millions digit of 4324085988?
3
What is the millions digit of 358490